3
What are the prime factors of 1177?
11, 107
What are the prime factors of 2842?
2, 7, 29
What are the prime factors of 1136?
2, 71
What are the prime factors of 9763?
13, 751
What are the prime factors of 904?
2, 113
List the prime factors of 724.
2, 181
What are the prime factors of 123222?
2, 3, 11, 1867
List the prime factors of 31950.
2, 3, 5, 71
List the prime factors of 126066.
2, 3, 21011
What are the prime factors of 2328?
2, 3, 97
What are the prime factors of 16452?
2, 3, 457
What are the prime factors of 995?
5, 199
What are the prime factors of 4110?
2, 3, 5, 137
What are the prime factors of 158?
2, 79
What are the prime factors of 40332?
2, 3, 3361
List the prime factors of 75160.
2, 5, 1879
List the prime factors of 102711.
3, 7, 67, 73
List the prime factors of 35242.
2, 67, 263
List the prime factors of 3603.
3, 1201
List the prime factors of 59023.
59023
What are the prime factors of 1049?
1049
List the prime factors of 6096.
2, 3, 127
List the prime factors of 1142.
2, 571
List the prime factors of 171.
3, 19
What are the prime factors of 1362?
2, 3, 227
List the prime factors of 2574.
2, 3, 11, 13
What are the prime factors of 6061?
11, 19, 29
List the prime factors of 430.
2, 5, 43
List the prime factors of 23853.
3, 7951
List the prime factors of 437.
19, 23
What are the prime factors of 45074?
2, 31, 727
What are the prime factors of 19531?
19531
What are the prime factors of 55519?
59, 941
What are the prime factors of 71224?
2, 29, 307
What are the prime factors of 1904?
2, 7, 17
What are the prime factors of 998?
2, 499
What are the prime factors of 1015?
5, 7, 29
What are the prime factors of 50671?
50671
What are the prime factors of 119921?
119921
List the prime factors of 1095.
3, 5, 73
List the prime factors of 187675.
5, 7507
List the prime factors of 1805.
5, 19
What are the prime factors of 136183?
23, 31, 191
List the prime factors of 584.
2, 73
List the prime factors of 146.
2, 73
What are the prime factors of 5978?
2, 7, 61
What are the prime factors of 55453?
23, 2411
What are the prime factors of 1925?
5, 7, 11
List the prime factors of 59066.
2, 7, 4219
What are the prime factors of 8770?
2, 5, 877
List the prime factors of 47633.
19, 23, 109
What are the prime factors of 5845?
5, 7, 167
What are the prime factors of 5913?
3, 73
List the prime factors of 195038.
2, 113, 863
List the prime factors of 2303.
7, 47
What are the prime factors of 1628?
2, 11, 37
What are the prime factors of 2416?
2, 151
What are the prime factors of 1652?
2, 7, 59
List the prime factors of 938.
2, 7, 67
List the prime factors of 612.
2, 3, 17
List the prime factors of 445.
5, 89
List the prime factors of 972.
2, 3
List the prime factors of 3906.
2, 3, 7, 31
What are the prime factors of 1363?
29, 47
What are the prime factors of 592?
2, 37
What are the prime factors of 8970?
2, 3, 5, 13, 23
What are the prime factors of 5377?
19, 283
What are the prime factors of 1428?
2, 3, 7, 17
What are the prime factors of 333?
3, 37
What are the prime factors of 1283?
1283
List the prime factors of 8600.
2, 5, 43
What are the prime factors of 1812?
2, 3, 151
What are the prime factors of 21970?
2, 5, 13
What are the prime factors of 949?
13, 73
What are the prime factors of 11624?
2, 1453
List the prime factors of 1415.
5, 283
What are the prime factors of 4682?
2, 2341
What are the prime factors of 494?
2, 13, 19
What are the prime factors of 18491?
11, 41
List the prime factors of 2760.
2, 3, 5, 23
List the prime factors of 76580.
2, 5, 7, 547
List the prime factors of 6594.
2, 3, 7, 157
What are the prime factors of 11657?
11657
List the prime factors of 49.
7
List the prime factors of 1203.
3, 401
What are the prime factors of 7325?
5, 293
What are the prime factors of 4361?
7, 89
What are the prime factors of 73035?
3, 5, 541
What are the prime factors of 1154?
2, 577
List the prime factors of 809.
809
What are the prime factors of 305?
5, 61
What are the prime factors of 47896?
2, 5987
What are the prime factors of 15097?
31, 487
What are the prime factors of 2026?
2, 1013
What are the prime factors of 92308?
2, 47, 491
What are the prime factors of 53289?
3, 31, 191
What are the prime factors of 109862?
2, 163, 337
What are the prime factors of 64948?
2, 13, 1249
What are the prime factors of 88064?
2, 43
What are the prime factors of 923?
13, 71
List the prime factors of 2136.
2, 3, 89
List the prime factors of 83.
83
List the prime factors of 90.
2, 3, 5
What are the prime factors of 5733?
3, 7, 13
List the prime factors of 32967.
3, 11, 37
List the prime factors of 62997.
3, 11, 23, 83
What are the prime factors of 986?
2, 17, 29
List the prime factors of 62418.
2, 3, 101, 103
What are the prime factors of 1945?
5, 389
List the prime factors of 6931.
29, 239
List the prime factors of 2896.
2, 181
List the prime factors of 40864.
2, 1277
List the prime factors of 8036.
2, 7, 41
List the prime factors of 111639.
3, 11, 17, 199
What are the prime factors of 13736?
2, 17, 101
List the prime factors of 45148.
2, 11287
What are the prime factors of 68056?
2, 47, 181
List the prime factors of 112206.
2, 3, 18701
What are the prime factors of 5370?
2, 3, 5, 179
What are the prime factors of 1539?
3, 19
List the prime factors of 253.
11, 23
What are the prime factors of 10107?
3, 1123
List the prime factors of 7500.
2, 3, 5
List the prime factors of 3364.
2, 29
List the prime factors of 926.
2, 463
What are the prime factors of 90314?
2, 7, 6451
What are the prime factors of 1704?
2, 3, 71
List the prime factors of 5341.
7, 109
What are the prime factors of 23209?
23209
What are the prime factors of 1631?
7, 233
What are the prime factors of 6959?
6959
What are the prime factors of 68331?
3, 22777
List the prime factors of 919.
919
List the prime factors of 35193.
3, 11731
List the prime factors of 5361.
3, 1787
List the prime factors of 202.
2, 101
List the prime factors of 4027.
4027
List the prime factors of 58642.
2, 109, 269
List the prime factors of 185209.
89, 2081
List the prime factors of 34392.
2, 3, 1433
What are the prime factors of 5119?
5119
What are the prime factors of 28429?
28429
List the prime factors of 7449.
3, 13, 191
List the prime factors of 518.
2, 7, 37
What are the prime factors of 7324?
2, 1831
List the prime factors of 177.
3, 59
List the prime factors of 511.
7, 73
What are the prime factors of 10393?
19, 547
List the prime factors of 8049.
3, 2683
List the prime factors of 1278.
2, 3, 71
What are the prime factors of 166858?
2, 19, 4391
What are the prime factors of 12186?
2, 3, 677
What are the prime factors of 804?
2, 3, 67
List the prime factors of 4132.
2, 1033
What are the prime factors of 18337?
11, 1667
What are the prime factors of 196515?
3, 5, 11, 397
List the prime factors of 3475.
5, 139
What are the prime factors of 18835?
5, 3767
List the prime factors of 4121.
13, 317
List the prime factors of 4285.
5, 857
What are the prime factors of 48550?
2, 5, 971
List the prime factors of 1725.
3, 5, 23
What are the prime factors of 4290?
2, 3, 5, 11, 13
What are the prime factors of 11843?
13, 911
What are the prime factors of 17482?
2, 8741
What are the prime factors of 99188?
2, 137, 181
List the prime factors of 20883.
3, 6961
What are the prime factors of 305?
5, 61
List the prime factors of 19783.
73, 271
List the prime factors of 24348.
2, 3, 2029
List the prime factors of 6584.
2, 823
List the prime factors of 3593.
3593
List the prime factors of 2396.
2, 599
List the prime factors of 79599.
3, 13, 157
What are the prime factors of 47?
47
List the prime factors of 36578.
2, 18289
What are the prime factors of 5184?
2, 3
List the prime factors of 2917.
2917
List the prime factors of 74769.
3, 24923
List the prime factors of 29002.
2, 17, 853
What are the prime factors of 93?
3, 31
What are the prime factors of 58?
2, 29
List the prime factors of 39563.
39563
What are the prime factors of 288?
2, 3
List the prime factors of 14802.
2, 3, 2467
What are the prime factors of 1243?
11, 113
List the prime factors of 192.
2, 3
List the prime factors of 41130.
2, 3, 5, 457
What are the prime factors of 11246?
2, 5623
What are the prime factors of 14446?
2, 31, 233
List the prime factors of 138234.